{"id":4006,"date":"2020-04-20T15:43:38","date_gmt":"2020-04-20T18:43:38","guid":{"rendered":"https:\/\/lareina.news\/noticias\/?page_id=4006"},"modified":"2021-09-04T14:45:45","modified_gmt":"2021-09-04T17:45:45","slug":"plan-cuadrante-la-reina","status":"publish","type":"page","link":"https:\/\/lareinanews.cl\/noticias\/index.php\/plan-cuadrante-la-reina\/","title":{"rendered":"Plan Cuadrante La Reina"},"content":{"rendered":"<p>El Plan Cuadrante de Seguridad Preventiva es un Sistema de vigilancia sectorizada, en que el territorio se divide en sectores que son asignados a una unidad de carabineros. Eso permite que se conozcan mejor los vecinos con los carabineros asignados y que puedan trabajar m\u00e1s coordinadamente en la prevenci\u00f3n y ataque del delito.<\/p>\n<h2>Tel\u00e9fonos del Plan Cuadrante<\/h2>\n<p><a href=\"https:\/\/lareinanews.cl\/noticias\/wp-content\/uploads\/2020\/04\/Plan-cuadrante-La-Reina.png\"><img loading=\"lazy\" decoding=\"async\" class=\"aligncenter wp-image-4003 size-full\" src=\"https:\/\/lareinanews.cl\/noticias\/wp-content\/uploads\/2020\/04\/Plan-cuadrante-La-Reina.png\" alt=\"\" width=\"1383\" height=\"656\" srcset=\"https:\/\/lareinanews.cl\/noticias\/wp-content\/uploads\/2020\/04\/Plan-cuadrante-La-Reina.png 1383w, https:\/\/lareinanews.cl\/noticias\/wp-content\/uploads\/2020\/04\/Plan-cuadrante-La-Reina-300x142.png 300w, https:\/\/lareinanews.cl\/noticias\/wp-content\/uploads\/2020\/04\/Plan-cuadrante-La-Reina-1024x486.png 1024w, https:\/\/lareinanews.cl\/noticias\/wp-content\/uploads\/2020\/04\/Plan-cuadrante-La-Reina-768x364.png 768w\" sizes=\"auto, (max-width: 1383px) 100vw, 1383px\" \/><\/a><\/p>\n<p>&nbsp;<\/p>\n\n<table id=\"tablepress-9\" class=\"tablepress tablepress-id-9\">\n<thead>\n<tr class=\"row-1\">\n\t<th class=\"column-1\">Cuadrante<\/th><th class=\"column-2\">Tel\u00e9fono<\/th>\n<\/tr>\n<\/thead>\n<tbody class=\"row-striping row-hover\">\n<tr class=\"row-2\">\n\t<td class=\"column-1\">101<\/td><td class=\"column-2\"><a href=\"tel:+56999291902\">+569&nbsp;9929&nbsp;1902<\/a><\/td>\n<\/tr>\n<tr class=\"row-3\">\n\t<td class=\"column-1\">102<\/td><td class=\"column-2\"><a href=\"tel:+56999291903\">+569&nbsp;9929&nbsp;1903<\/a><\/td>\n<\/tr>\n<tr class=\"row-4\">\n\t<td class=\"column-1\">103<\/td><td class=\"column-2\"><a href=\"tel:+56999291904\">+569&nbsp;9929&nbsp;1904<\/a><\/td>\n<\/tr>\n<tr class=\"row-5\">\n\t<td class=\"column-1\">104<\/td><td class=\"column-2\"><a href=\"tel:+56999291905\">+569&nbsp;9929&nbsp;1905<\/a><\/td>\n<\/tr>\n<tr class=\"row-6\">\n\t<td class=\"column-1\">105<\/td><td class=\"column-2\"><a href=\"tel:+56999291906\">+569&nbsp;9929&nbsp;1906<\/a><\/td>\n<\/tr>\n<tr class=\"row-7\">\n\t<td class=\"column-1\">106<\/td><td class=\"column-2\"><a href=\"tel:+56999291907\">+569&nbsp;9929&nbsp;1907<\/a><\/td>\n<\/tr>\n<\/tbody>\n<\/table>\n<!-- #tablepress-9 from cache -->\n<p>&nbsp;<\/p>\n<p>&nbsp;<\/p>\n","protected":false},"excerpt":{"rendered":"<div class=\"mh-excerpt\"><p>El Plan Cuadrante de Seguridad Preventiva es un Sistema de vigilancia sectorizada, en que el territorio se divide en sectores que son asignados a una unidad de carabineros. Eso permite que se conozcan mejor los <a class=\"mh-excerpt-more\" href=\"https:\/\/lareinanews.cl\/noticias\/index.php\/plan-cuadrante-la-reina\/\" title=\"Plan Cuadrante La Reina\">[&#8230;]<\/a><\/p>\n<\/div>","protected":false},"author":9,"featured_media":4017,"parent":0,"menu_order":0,"comment_status":"closed","ping_status":"closed","template":"","meta":{"_acf_changed":false,"footnotes":""},"class_list":["post-4006","page","type-page","status-publish","has-post-thumbnail"],"acf":[],"yoast_head":"<!-- This site is optimized with the Yoast SEO plugin v27.1.1 - https:\/\/yoast.com\/product\/yoast-seo-wordpress\/ -->\n<title>Tel\u00e9fonos del Plan Cuadrante de La Reina<\/title>\n<meta name=\"description\" content=\"Tel\u00e9fonos y mapa del plan cuadrante de carabineros en la comuna de La Reina. N\u00fameros de los carabineros asignados a cada barrio.\" \/>\n<meta name=\"robots\" content=\"index, follow, max-snippet:-1, max-image-preview:large, max-video-preview:-1\" \/>\n<link rel=\"canonical\" href=\"https:\/\/lareinanews.cl\/noticias\/index.php\/plan-cuadrante-la-reina\/\" \/>\n<meta property=\"og:locale\" content=\"es_ES\" \/>\n<meta property=\"og:type\" content=\"article\" \/>\n<meta property=\"og:title\" content=\"Tel\u00e9fonos del Plan Cuadrante de La Reina\" \/>\n<meta property=\"og:description\" content=\"Tel\u00e9fonos y mapa del plan cuadrante de carabineros en la comuna de La Reina. N\u00fameros de los carabineros asignados a cada barrio.\" \/>\n<meta property=\"og:url\" content=\"https:\/\/lareinanews.cl\/noticias\/index.php\/plan-cuadrante-la-reina\/\" \/>\n<meta property=\"og:site_name\" content=\"Noticias La Reina\" \/>\n<meta property=\"article:publisher\" content=\"https:\/\/www.facebook.com\/LaReinaNews\" \/>\n<meta property=\"article:modified_time\" content=\"2021-09-04T17:45:45+00:00\" \/>\n<meta property=\"og:image\" content=\"https:\/\/lareinanews.cl\/noticias\/wp-content\/uploads\/2020\/04\/plan-cuadrante-la-reina.jpg\" \/>\n\t<meta property=\"og:image:width\" content=\"650\" \/>\n\t<meta property=\"og:image:height\" content=\"490\" \/>\n\t<meta property=\"og:image:type\" content=\"image\/jpeg\" \/>\n<meta name=\"twitter:card\" content=\"summary_large_image\" \/>\n<meta name=\"twitter:label1\" content=\"Tiempo de lectura\" \/>\n\t<meta name=\"twitter:data1\" content=\"1 minuto\" \/>\n<script type=\"application\/ld+json\" class=\"yoast-schema-graph\">{\"@context\":\"https:\/\/schema.org\",\"@graph\":[{\"@type\":\"WebPage\",\"@id\":\"https:\/\/lareinanews.cl\/noticias\/index.php\/plan-cuadrante-la-reina\/\",\"url\":\"https:\/\/lareinanews.cl\/noticias\/index.php\/plan-cuadrante-la-reina\/\",\"name\":\"Tel\u00e9fonos del Plan Cuadrante de La Reina\",\"isPartOf\":{\"@id\":\"https:\/\/lareinanews.cl\/noticias\/#website\"},\"primaryImageOfPage\":{\"@id\":\"https:\/\/lareinanews.cl\/noticias\/index.php\/plan-cuadrante-la-reina\/#primaryimage\"},\"image\":{\"@id\":\"https:\/\/lareinanews.cl\/noticias\/index.php\/plan-cuadrante-la-reina\/#primaryimage\"},\"thumbnailUrl\":\"https:\/\/lareinanews.cl\/noticias\/wp-content\/uploads\/2020\/04\/plan-cuadrante-la-reina.jpg\",\"datePublished\":\"2020-04-20T18:43:38+00:00\",\"dateModified\":\"2021-09-04T17:45:45+00:00\",\"description\":\"Tel\u00e9fonos y mapa del plan cuadrante de carabineros en la comuna de La Reina. N\u00fameros de los carabineros asignados a cada barrio.\",\"breadcrumb\":{\"@id\":\"https:\/\/lareinanews.cl\/noticias\/index.php\/plan-cuadrante-la-reina\/#breadcrumb\"},\"inLanguage\":\"es\",\"potentialAction\":[{\"@type\":\"ReadAction\",\"target\":[\"https:\/\/lareinanews.cl\/noticias\/index.php\/plan-cuadrante-la-reina\/\"]}]},{\"@type\":\"ImageObject\",\"inLanguage\":\"es\",\"@id\":\"https:\/\/lareinanews.cl\/noticias\/index.php\/plan-cuadrante-la-reina\/#primaryimage\",\"url\":\"https:\/\/lareinanews.cl\/noticias\/wp-content\/uploads\/2020\/04\/plan-cuadrante-la-reina.jpg\",\"contentUrl\":\"https:\/\/lareinanews.cl\/noticias\/wp-content\/uploads\/2020\/04\/plan-cuadrante-la-reina.jpg\",\"width\":650,\"height\":490},{\"@type\":\"BreadcrumbList\",\"@id\":\"https:\/\/lareinanews.cl\/noticias\/index.php\/plan-cuadrante-la-reina\/#breadcrumb\",\"itemListElement\":[{\"@type\":\"ListItem\",\"position\":1,\"name\":\"Inicio\",\"item\":\"https:\/\/lareinanews.cl\/noticias\/\"},{\"@type\":\"ListItem\",\"position\":2,\"name\":\"Plan Cuadrante La Reina\"}]},{\"@type\":\"WebSite\",\"@id\":\"https:\/\/lareinanews.cl\/noticias\/#website\",\"url\":\"https:\/\/lareinanews.cl\/noticias\/\",\"name\":\"Noticias La Reina\",\"description\":\"LaReina.news\",\"publisher\":{\"@id\":\"https:\/\/lareinanews.cl\/noticias\/#organization\"},\"potentialAction\":[{\"@type\":\"SearchAction\",\"target\":{\"@type\":\"EntryPoint\",\"urlTemplate\":\"https:\/\/lareinanews.cl\/noticias\/?s={search_term_string}\"},\"query-input\":{\"@type\":\"PropertyValueSpecification\",\"valueRequired\":true,\"valueName\":\"search_term_string\"}}],\"inLanguage\":\"es\"},{\"@type\":\"Organization\",\"@id\":\"https:\/\/lareinanews.cl\/noticias\/#organization\",\"name\":\"La Reina.news Peri\u00f3dico comunal de La Reina\",\"url\":\"https:\/\/lareinanews.cl\/noticias\/\",\"logo\":{\"@type\":\"ImageObject\",\"inLanguage\":\"es\",\"@id\":\"https:\/\/lareinanews.cl\/noticias\/#\/schema\/logo\/image\/\",\"url\":\"https:\/\/lareinanews.cl\/noticias\/wp-content\/uploads\/2020\/04\/logo_schema.png\",\"contentUrl\":\"https:\/\/lareinanews.cl\/noticias\/wp-content\/uploads\/2020\/04\/logo_schema.png\",\"width\":640,\"height\":360,\"caption\":\"La Reina.news Peri\u00f3dico comunal de La Reina\"},\"image\":{\"@id\":\"https:\/\/lareinanews.cl\/noticias\/#\/schema\/logo\/image\/\"},\"sameAs\":[\"https:\/\/www.facebook.com\/LaReinaNews\",\"https:\/\/www.instagram.com\/lareinanews\/\"]}]}<\/script>\n<!-- \/ Yoast SEO plugin. -->","yoast_head_json":{"title":"Tel\u00e9fonos del Plan Cuadrante de La Reina","description":"Tel\u00e9fonos y mapa del plan cuadrante de carabineros en la comuna de La Reina. N\u00fameros de los carabineros asignados a cada barrio.","robots":{"index":"index","follow":"follow","max-snippet":"max-snippet:-1","max-image-preview":"max-image-preview:large","max-video-preview":"max-video-preview:-1"},"canonical":"https:\/\/lareinanews.cl\/noticias\/index.php\/plan-cuadrante-la-reina\/","og_locale":"es_ES","og_type":"article","og_title":"Tel\u00e9fonos del Plan Cuadrante de La Reina","og_description":"Tel\u00e9fonos y mapa del plan cuadrante de carabineros en la comuna de La Reina. N\u00fameros de los carabineros asignados a cada barrio.","og_url":"https:\/\/lareinanews.cl\/noticias\/index.php\/plan-cuadrante-la-reina\/","og_site_name":"Noticias La Reina","article_publisher":"https:\/\/www.facebook.com\/LaReinaNews","article_modified_time":"2021-09-04T17:45:45+00:00","og_image":[{"width":650,"height":490,"url":"https:\/\/lareinanews.cl\/noticias\/wp-content\/uploads\/2020\/04\/plan-cuadrante-la-reina.jpg","type":"image\/jpeg"}],"twitter_card":"summary_large_image","twitter_misc":{"Tiempo de lectura":"1 minuto"},"schema":{"@context":"https:\/\/schema.org","@graph":[{"@type":"WebPage","@id":"https:\/\/lareinanews.cl\/noticias\/index.php\/plan-cuadrante-la-reina\/","url":"https:\/\/lareinanews.cl\/noticias\/index.php\/plan-cuadrante-la-reina\/","name":"Tel\u00e9fonos del Plan Cuadrante de La Reina","isPartOf":{"@id":"https:\/\/lareinanews.cl\/noticias\/#website"},"primaryImageOfPage":{"@id":"https:\/\/lareinanews.cl\/noticias\/index.php\/plan-cuadrante-la-reina\/#primaryimage"},"image":{"@id":"https:\/\/lareinanews.cl\/noticias\/index.php\/plan-cuadrante-la-reina\/#primaryimage"},"thumbnailUrl":"https:\/\/lareinanews.cl\/noticias\/wp-content\/uploads\/2020\/04\/plan-cuadrante-la-reina.jpg","datePublished":"2020-04-20T18:43:38+00:00","dateModified":"2021-09-04T17:45:45+00:00","description":"Tel\u00e9fonos y mapa del plan cuadrante de carabineros en la comuna de La Reina. N\u00fameros de los carabineros asignados a cada barrio.","breadcrumb":{"@id":"https:\/\/lareinanews.cl\/noticias\/index.php\/plan-cuadrante-la-reina\/#breadcrumb"},"inLanguage":"es","potentialAction":[{"@type":"ReadAction","target":["https:\/\/lareinanews.cl\/noticias\/index.php\/plan-cuadrante-la-reina\/"]}]},{"@type":"ImageObject","inLanguage":"es","@id":"https:\/\/lareinanews.cl\/noticias\/index.php\/plan-cuadrante-la-reina\/#primaryimage","url":"https:\/\/lareinanews.cl\/noticias\/wp-content\/uploads\/2020\/04\/plan-cuadrante-la-reina.jpg","contentUrl":"https:\/\/lareinanews.cl\/noticias\/wp-content\/uploads\/2020\/04\/plan-cuadrante-la-reina.jpg","width":650,"height":490},{"@type":"BreadcrumbList","@id":"https:\/\/lareinanews.cl\/noticias\/index.php\/plan-cuadrante-la-reina\/#breadcrumb","itemListElement":[{"@type":"ListItem","position":1,"name":"Inicio","item":"https:\/\/lareinanews.cl\/noticias\/"},{"@type":"ListItem","position":2,"name":"Plan Cuadrante La Reina"}]},{"@type":"WebSite","@id":"https:\/\/lareinanews.cl\/noticias\/#website","url":"https:\/\/lareinanews.cl\/noticias\/","name":"Noticias La Reina","description":"LaReina.news","publisher":{"@id":"https:\/\/lareinanews.cl\/noticias\/#organization"},"potentialAction":[{"@type":"SearchAction","target":{"@type":"EntryPoint","urlTemplate":"https:\/\/lareinanews.cl\/noticias\/?s={search_term_string}"},"query-input":{"@type":"PropertyValueSpecification","valueRequired":true,"valueName":"search_term_string"}}],"inLanguage":"es"},{"@type":"Organization","@id":"https:\/\/lareinanews.cl\/noticias\/#organization","name":"La Reina.news Peri\u00f3dico comunal de La Reina","url":"https:\/\/lareinanews.cl\/noticias\/","logo":{"@type":"ImageObject","inLanguage":"es","@id":"https:\/\/lareinanews.cl\/noticias\/#\/schema\/logo\/image\/","url":"https:\/\/lareinanews.cl\/noticias\/wp-content\/uploads\/2020\/04\/logo_schema.png","contentUrl":"https:\/\/lareinanews.cl\/noticias\/wp-content\/uploads\/2020\/04\/logo_schema.png","width":640,"height":360,"caption":"La Reina.news Peri\u00f3dico comunal de La Reina"},"image":{"@id":"https:\/\/lareinanews.cl\/noticias\/#\/schema\/logo\/image\/"},"sameAs":["https:\/\/www.facebook.com\/LaReinaNews","https:\/\/www.instagram.com\/lareinanews\/"]}]}},"_links":{"self":[{"href":"https:\/\/lareinanews.cl\/noticias\/index.php\/wp-json\/wp\/v2\/pages\/4006","targetHints":{"allow":["GET"]}}],"collection":[{"href":"https:\/\/lareinanews.cl\/noticias\/index.php\/wp-json\/wp\/v2\/pages"}],"about":[{"href":"https:\/\/lareinanews.cl\/noticias\/index.php\/wp-json\/wp\/v2\/types\/page"}],"author":[{"embeddable":true,"href":"https:\/\/lareinanews.cl\/noticias\/index.php\/wp-json\/wp\/v2\/users\/9"}],"replies":[{"embeddable":true,"href":"https:\/\/lareinanews.cl\/noticias\/index.php\/wp-json\/wp\/v2\/comments?post=4006"}],"version-history":[{"count":7,"href":"https:\/\/lareinanews.cl\/noticias\/index.php\/wp-json\/wp\/v2\/pages\/4006\/revisions"}],"predecessor-version":[{"id":5148,"href":"https:\/\/lareinanews.cl\/noticias\/index.php\/wp-json\/wp\/v2\/pages\/4006\/revisions\/5148"}],"wp:featuredmedia":[{"embeddable":true,"href":"https:\/\/lareinanews.cl\/noticias\/index.php\/wp-json\/wp\/v2\/media\/4017"}],"wp:attachment":[{"href":"https:\/\/lareinanews.cl\/noticias\/index.php\/wp-json\/wp\/v2\/media?parent=4006"}],"curies":[{"name":"wp","href":"https:\/\/api.w.org\/{rel}","templated":true}]}}