{"id":1873,"date":"2018-04-09T03:02:56","date_gmt":"2018-04-09T06:02:56","guid":{"rendered":"http:\/\/lareina.news\/noticias\/?page_id=1873"},"modified":"2020-04-20T17:09:42","modified_gmt":"2020-04-20T20:09:42","slug":"telefonos-municipalidad-de-la-reina","status":"publish","type":"page","link":"https:\/\/lareinanews.cl\/noticias\/index.php\/telefonos-municipalidad-de-la-reina\/","title":{"rendered":"Tel\u00e9fonos Municipalidad de La Reina"},"content":{"rendered":"<figure id=\"attachment_3546\" aria-describedby=\"caption-attachment-3546\" style=\"width: 300px\" class=\"wp-caption alignleft\"><a href=\"https:\/\/www.google.com\/maps\/place\/Av.+Alcalde+Fernando+Castillo+Velasco+9925,+La+Reina,+Regi%C3%B3n+Metropolitana\/@-33.450885,-70.5406165,15.25z\/data=!4m5!3m4!1s0x9662ce0bcdf1e505:0xdab40dcec7de948!8m2!3d-33.4525331!4d-70.5298595\" target=\"_blank\" rel=\"noopener noreferrer\"><img loading=\"lazy\" decoding=\"async\" class=\"wp-image-3546 size-medium\" src=\"https:\/\/lareina.news\/noticias\/wp-content\/uploads\/2019\/12\/mapa-municipalidad-la-reina-300x243.jpg\" alt=\"\" width=\"300\" height=\"243\" srcset=\"https:\/\/lareinanews.cl\/noticias\/wp-content\/uploads\/2019\/12\/mapa-municipalidad-la-reina-300x243.jpg 300w, https:\/\/lareinanews.cl\/noticias\/wp-content\/uploads\/2019\/12\/mapa-municipalidad-la-reina.jpg 713w\" sizes=\"auto, (max-width: 300px) 100vw, 300px\" \/><\/a><figcaption id=\"caption-attachment-3546\" class=\"wp-caption-text\">Plano de ubicaci\u00f3n de la Municipalidad de La Reina<\/figcaption><\/figure>\n<p>La Municipalidad de <a href=\"\/noticias\/\"><strong>La Reina<\/strong><\/a> est\u00e1 ubicada en Av. Fernando Castillo Velasco 9925, la <strong>oficina de atenci\u00f3n al vecino<\/strong> funciona con el siguiente horario:<\/p>\n<p>Lunes a Viernes<\/p>\n<p>Ma\u00f1ana: 8:30 a 14:00 hrs.<\/p>\n<p>Tarde: 15:00 a 17:00 hrs (Viernes hasta las 16:00 hrs)<\/p>\n<p><strong>? Tel\u00e9fono: <a href=\"tel:+569225927100\">2 2592 7100<\/a><\/strong><\/p>\n<blockquote>\n<h2><span style=\"color: #ff0000;\">Tel\u00e9fonos de Emergencia<\/span><\/h2>\n<\/blockquote>\n<ol>\n<li>\n<blockquote><p><span style=\"color: #993300;\">Carabineros de Chile, <span style=\"color: #ff0000;\"><a style=\"color: #ff0000;\" href=\"\/noticias\/index.php\/plan-cuadrante-la-reina\/\">Plan cuadrante<\/a><\/span>, 16\u00aa Comisar\u00eda ( Plaza Ossand\u00f3n ) \u00a0<span style=\"color: #ff0000;\"><strong><a style=\"color: #ff0000;\" href=\"tel:+56229222600\">2\u00a02922\u00a02600<\/a><\/strong><\/span><\/span><\/p><\/blockquote>\n<\/li>\n<li>\n<blockquote><p><span style=\"color: #993300;\"><strong>Seguridad y emergencias municipales<\/strong>\u00a0 <span style=\"color: #ff0000;\"><a style=\"color: #ff0000;\" href=\"tel:1419\"><strong>1419<\/strong><\/a> &#8211; <a style=\"color: #ff0000;\" href=\"tel:+56229222600\"><strong>2 2592 7200<\/strong><\/a> &#8211; <strong><a style=\"color: #ff0000;\" href=\"tel:+56225927236\">2\u00a02592\u00a07236<\/a><\/strong><\/span><\/span><\/p><\/blockquote>\n<\/li>\n<\/ol>\n<h2>Tel\u00e9fonos m\u00e1s solicitados en La Reina<\/h2>\n<h3 style=\"padding-left: 40px;\">CESFAM (Consultorio)<\/h3>\n<blockquote style=\"padding-left: 40px;\">\n<p style=\"padding-left: 40px;\"><strong>Para pedir hora en un Cesfam de La Reina puede llamar al 800 432 030<\/strong><\/p>\n<\/blockquote>\n<h4 style=\"padding-left: 80px;\">Ossand\u00f3n<\/h4>\n<p style=\"padding-left: 120px;\">Eche\u00f1ique 8419 (Plaza Ossand\u00f3n)<\/p>\n<p style=\"padding-left: 120px;\"><a href=\"tel:+56225201457\">2 2520 1457<\/a> &#8211; <a href=\"tel:+56225201459\">2 2520 1459<\/a><\/p>\n<h4 style=\"padding-left: 80px;\">Juan Pablo II<\/h4>\n<p style=\"padding-left: 120px;\">Parinacota 440<\/p>\n<p style=\"padding-left: 120px;\"><a href=\"tel:+56225201386\">2 2520 1386<\/a><\/p>\n<h3 style=\"padding-left: 40px;\">Farmacia Comunitaria de La Reina<\/h3>\n<p style=\"padding-left: 80px;\">Av. Alcalde Fernando Castillo Velasco #8580, local A-3<\/p>\n<p style=\"padding-left: 80px;\"><a href=\"tel:+56225201380\">2 2520 1380<\/a> &#8211; <a href=\"tel:+56225201381\">2 2520 1381<\/a><\/p>\n<h3 style=\"padding-left: 40px;\">Juzgado de Polic\u00eda Local<\/h3>\n<p style=\"padding-left: 80px;\">Av. Alcalde Fernando Castillo Velasco N\u00b0 8580<\/p>\n<p style=\"padding-left: 80px;\"><a href=\"tel:+56225927334\">2 2592 7334<\/a><\/p>\n<h3 style=\"padding-left: 40px;\">Violencia Intrafamiliar y Mediaci\u00f3n Vecinal<\/h3>\n<p style=\"padding-left: 80px;\">Av. Alcalde Fernando Castillo Velasco N\u00b0 9750<\/p>\n<p style=\"padding-left: 80px;\"><a href=\"tel:+569225927313\">2 2592 7313<\/a><\/p>\n<h2>Otros tel\u00e9fonos de la municipalidad de La Reina<\/h2>\n<p>Dideco<a href=\"tel:+56225927364\">2 2592 7364<\/a><br \/>\n<a href=\"tel:+56225927374\">2 2592 7374<\/a><\/p>\n<table style=\"height: 56px;\" width=\"388\">\n<thead>\n<tr>\n<th>Dependencia<\/th>\n<th>Tel\u00e9fono<\/th>\n<\/tr>\n<\/thead>\n<tbody>\n<tr>\n<td><strong>Iluminaci\u00f3n en mal estado<\/strong><\/td>\n<td valign=\"top\"><a href=\"tel:+5626408902\">2 2640 8902<\/a><br \/>\nWhatsApp <strong><a href=\"https:\/\/api.whatsapp.com\/send?phone=+56987711403\">9 8771 1403<\/a><\/strong><\/td>\n<\/tr>\n<tr>\n<td>Adquisiciones<\/td>\n<td><a href=\"tel:+225927208\">2 2592 7208<\/a><\/td>\n<\/tr>\n<tr>\n<td><strong>Alcald\u00eda<\/strong><\/td>\n<td><a href=\"tel:+225927277\">2 2592 7277<\/a><\/td>\n<\/tr>\n<tr>\n<td>Corporaci\u00f3n Aldea del Encuentro<\/td>\n<td><a href=\"tel:+56222735803\">2 2273 5803<\/a><\/td>\n<\/tr>\n<tr>\n<td>Corporac\u00f3n de Asistencia Judicial<\/td>\n<td><a href=\"tel:+56229371991\">2 2937 1991<\/a><\/td>\n<\/tr>\n<tr>\n<td>Corporaci\u00f3n Cultural de La Reina<\/td>\n<td><a href=\"tel:+56222776214\">2 2277 6214<\/a><\/td>\n<\/tr>\n<tr>\n<td>Corporac\u00f3n de Deporte<\/td>\n<td><a href=\"tel:+56222734301\">2 2273 4301<\/a><\/td>\n<\/tr>\n<tr>\n<td>Corporac\u00f3n de Desarrollo<\/td>\n<td><a href=\"tel:+56229124300\">2 2912 4300<\/a><\/td>\n<\/tr>\n<tr>\n<td>Departamento de <strong><a href=\"\/noticias\/index.php\/2020\/02\/20\/permisos-de-circulacion-la-reina\/\">Permisos de Circulaci\u00f3n<\/a><\/strong><\/td>\n<td><a href=\"tel:+56225927226\">2 2592 7226<\/a><br \/>\n<a href=\"tel:+56225927295\">2 2592 7295<\/a><\/td>\n<\/tr>\n<tr>\n<td>Direcci\u00f3n de Administraci\u00f3n y Finanzas<\/td>\n<td><a href=\"tel:+56225927207\">2 2592 7207<\/a><\/td>\n<\/tr>\n<tr>\n<td>Direcci\u00f3n de Aseo y Ornato<\/td>\n<td><\/td>\n<\/tr>\n<tr>\n<td>Direcci\u00f3n de Obras<\/td>\n<td><a href=\"tel:+56225927216\">2 2592 7216<\/a><br \/>\n<a href=\"tel:+56225927248\">2 2592 7248<\/a><\/td>\n<\/tr>\n<tr>\n<td>Direcci\u00f3n de Tr\u00e1nsito<\/td>\n<td><a href=\"tel:+56225927235\">2 2592 7235<\/a><br \/>\n<a href=\"tel:+56225927206\">2 2592 7206 <\/a><\/td>\n<\/tr>\n<tr>\n<td><strong>Educaci\u00f3n<\/strong><\/td>\n<td><a href=\"tel:+56229124304\">2 2912 4304<\/a><\/p>\n<ul>\n<li><strong>Colegio Confederaci\u00f3n Suiza<\/strong><br \/>\nFrancisco de Villagra N\u00b0 5871<br \/>\n<a href=\"tel:+56225201310\">2 2520 1310<\/a><\/li>\n<li><strong>Colegio San Constantino<\/strong><br \/>\nAv. Alcalde Fernando Castillo Velasco 9201<br \/>\n<a href=\"tel:+56225201354\">2520 1354<\/a><\/li>\n<li><strong>Colegio Yangts\u00e9<\/strong><br \/>\nAv. Alcalde Fernando Castillo Velasco F 7631<br \/>\n<a href=\"tel:+56225201346\">2 2520 1346<\/a><\/li>\n<li><strong>Complejo Educacional La Reina, secci\u00f3n b\u00e1sica<\/strong><br \/>\nParinacota 18<br \/>\n<a href=\"tel:+56229124345\">2 2912 4345<\/a><\/li>\n<li><strong>Complejo Educacional La Reina, secci\u00f3n media<\/strong><br \/>\nQuillagua 40<br \/>\n<a href=\"tel:+56229121321\">2 2912 1321<\/a><\/li>\n<li><strong>Escuela Especial de Desarrollo<\/strong><br \/>\nAv. Larra\u00edn N\u00b06374<br \/>\n<a href=\"tel:+56225201302\">2 2520 1302<\/a><\/li>\n<li><strong>Escuela Palestina<\/strong><br \/>\nDr. Genaro Benavides N\u00b0 6405<br \/>\n<a href=\"tel:+56225201338\">2 2520 1338<\/a><\/li>\n<li><strong>Jard\u00edn Infantil Diego Portales<\/strong><br \/>\nSalar del Carmen 8<br \/>\n<a href=\"tel:+56225201357\">2 2520 1357<\/a><\/li>\n<li><strong>Jard\u00edn Infantil El Alerce<\/strong><br \/>\nFrancisco Contreras N\u00b0 6400<br \/>\n<a href=\"tel:+5625201376\">2 5201 3767<\/a><\/li>\n<li><strong>Jard\u00edn Infantil El Avellano<\/strong><br \/>\nFrancisco de Villagra N\u00b0 6529<br \/>\n<a href=\"tel:+56225201361\">2 2520 1361<\/a><\/li>\n<li><strong>Jard\u00edn Infantil Talinay<\/strong><br \/>\nTalinay N\u00b0 9951<br \/>\n<a href=\"tel:+56225201382\">2 2520 1382<\/a><\/li>\n<li><strong>Liceo Eugenio Mar\u00eda de Hostos<\/strong><br \/>\nEche\u00f1ique N\u00b08625<br \/>\n<a href=\"tel:+56229124387\">2 2912 4387<\/a><\/li>\n<li><strong>Sala Cuna Cundal\u00ed<\/strong><br \/>\nQuillagua N\u00b0 82<br \/>\n<a href=\"tel:+56225201367\"><br \/>\n2 2520 1367<\/a><\/li>\n<li><strong>Sala Cuna y Jard\u00edn Infantil El Canelo<\/strong><br \/>\nAv. Eche\u00f1ique 8625<br \/>\n<a href=\"tel:+56225201364\">2 2520 1364<\/a><\/li>\n<li><strong>Sala Cuna y Jard\u00edn Infantil Estrellitas<\/strong><br \/>\nAv. Alcalde Fernando Castillo Velasco 9127<br \/>\n<a href=\"tel:+56225201373\">2 2520 1373<\/a><\/li>\n<li><strong>Sala Cuna y Jard\u00edn Infantil Laurita Vicu\u00f1a<\/strong><br \/>\nQuillagua 99.<br \/>\n<a href=\"tel:+56225201370\">2 2520 1370<\/a><\/li>\n<\/ul>\n<\/td>\n<\/tr>\n<tr>\n<td>Mantenci\u00f3n<\/td>\n<td><a href=\"tel:+56225927312\">2 2592 7312<\/a><\/td>\n<\/tr>\n<tr>\n<td>Relaciones P\u00fablicas<\/td>\n<td><a href=\"tel:+56225927345\">2 2592 7345<\/a><\/td>\n<\/tr>\n<tr>\n<td>Salud<\/td>\n<td><a href=\"tel:+56229124333\">2 2912 4333<\/a><\/td>\n<\/tr>\n<tr>\n<td>Secretar\u00eda Municipal<\/td>\n<td><a href=\"tel:+56225927210\">2 2592 7210<\/a><br \/>\n<a href=\"tel:+56225927244\">2 2592 7244<\/a><\/td>\n<\/tr>\n<tr>\n<td>Secplan<\/td>\n<td><a href=\"tel:+56225927364\">2 2592 7364<\/a><\/td>\n<\/tr>\n<\/tbody>\n<\/table>\n","protected":false},"excerpt":{"rendered":"<div class=\"mh-excerpt\"><p>La Municipalidad de La Reina est\u00e1 ubicada en Av. Fernando Castillo Velasco 9925, la oficina de atenci\u00f3n al vecino funciona con el siguiente horario: Lunes a Viernes Ma\u00f1ana: 8:30 a 14:00 hrs. Tarde: 15:00 a <a class=\"mh-excerpt-more\" href=\"https:\/\/lareinanews.cl\/noticias\/index.php\/telefonos-municipalidad-de-la-reina\/\" title=\"Tel\u00e9fonos Municipalidad de La Reina\">[&#8230;]<\/a><\/p>\n<\/div>","protected":false},"author":1,"featured_media":3683,"parent":0,"menu_order":0,"comment_status":"closed","ping_status":"closed","template":"","meta":{"_acf_changed":false,"footnotes":""},"class_list":["post-1873","page","type-page","status-publish","has-post-thumbnail"],"acf":[],"yoast_head":"<!-- This site is optimized with the Yoast SEO plugin v27.1.1 - https:\/\/yoast.com\/product\/yoast-seo-wordpress\/ -->\n<title>\u25b7 Tel\u00e9fonos Municipalidad de La Reina, gu\u00eda completa de n\u00fameros.<\/title>\n<meta name=\"description\" content=\"Gu\u00eda de tel\u00e9fonos de contacto y emergencia de la Municipalidad de La Reina y sus corporaciones. Incluye dependencias municipales y colegios\" \/>\n<meta name=\"robots\" content=\"index, follow, max-snippet:-1, max-image-preview:large, max-video-preview:-1\" \/>\n<link rel=\"canonical\" href=\"https:\/\/lareinanews.cl\/noticias\/index.php\/telefonos-municipalidad-de-la-reina\/\" \/>\n<meta property=\"og:locale\" content=\"es_ES\" \/>\n<meta property=\"og:type\" content=\"article\" \/>\n<meta property=\"og:title\" content=\"\u25b7 Tel\u00e9fonos Municipalidad de La Reina, gu\u00eda completa de n\u00fameros.\" \/>\n<meta property=\"og:description\" content=\"Gu\u00eda de tel\u00e9fonos de contacto y emergencia de la Municipalidad de La Reina y sus corporaciones. Incluye dependencias municipales y colegios\" \/>\n<meta property=\"og:url\" content=\"https:\/\/lareinanews.cl\/noticias\/index.php\/telefonos-municipalidad-de-la-reina\/\" \/>\n<meta property=\"og:site_name\" content=\"Noticias La Reina\" \/>\n<meta property=\"article:publisher\" content=\"https:\/\/www.facebook.com\/LaReinaNews\" \/>\n<meta property=\"article:modified_time\" content=\"2020-04-20T20:09:42+00:00\" \/>\n<meta property=\"og:image\" content=\"https:\/\/lareinanews.cl\/noticias\/wp-content\/uploads\/2020\/01\/Telefonos-Municipalidad-La-Reina.png\" \/>\n\t<meta property=\"og:image:width\" content=\"650\" \/>\n\t<meta property=\"og:image:height\" content=\"490\" \/>\n\t<meta property=\"og:image:type\" content=\"image\/png\" \/>\n<meta name=\"twitter:card\" content=\"summary_large_image\" \/>\n<meta name=\"twitter:label1\" content=\"Tiempo de lectura\" \/>\n\t<meta name=\"twitter:data1\" content=\"2 minutos\" \/>\n<script type=\"application\/ld+json\" class=\"yoast-schema-graph\">{\"@context\":\"https:\/\/schema.org\",\"@graph\":[{\"@type\":\"WebPage\",\"@id\":\"https:\/\/lareinanews.cl\/noticias\/index.php\/telefonos-municipalidad-de-la-reina\/\",\"url\":\"https:\/\/lareinanews.cl\/noticias\/index.php\/telefonos-municipalidad-de-la-reina\/\",\"name\":\"\u25b7 Tel\u00e9fonos Municipalidad de La Reina, gu\u00eda completa de n\u00fameros.\",\"isPartOf\":{\"@id\":\"https:\/\/lareinanews.cl\/noticias\/#website\"},\"primaryImageOfPage\":{\"@id\":\"https:\/\/lareinanews.cl\/noticias\/index.php\/telefonos-municipalidad-de-la-reina\/#primaryimage\"},\"image\":{\"@id\":\"https:\/\/lareinanews.cl\/noticias\/index.php\/telefonos-municipalidad-de-la-reina\/#primaryimage\"},\"thumbnailUrl\":\"https:\/\/lareinanews.cl\/noticias\/wp-content\/uploads\/2020\/01\/Telefonos-Municipalidad-La-Reina.png\",\"datePublished\":\"2018-04-09T06:02:56+00:00\",\"dateModified\":\"2020-04-20T20:09:42+00:00\",\"description\":\"Gu\u00eda de tel\u00e9fonos de contacto y emergencia de la Municipalidad de La Reina y sus corporaciones. Incluye dependencias municipales y colegios\",\"breadcrumb\":{\"@id\":\"https:\/\/lareinanews.cl\/noticias\/index.php\/telefonos-municipalidad-de-la-reina\/#breadcrumb\"},\"inLanguage\":\"es\",\"potentialAction\":[{\"@type\":\"ReadAction\",\"target\":[\"https:\/\/lareinanews.cl\/noticias\/index.php\/telefonos-municipalidad-de-la-reina\/\"]}]},{\"@type\":\"ImageObject\",\"inLanguage\":\"es\",\"@id\":\"https:\/\/lareinanews.cl\/noticias\/index.php\/telefonos-municipalidad-de-la-reina\/#primaryimage\",\"url\":\"https:\/\/lareinanews.cl\/noticias\/wp-content\/uploads\/2020\/01\/Telefonos-Municipalidad-La-Reina.png\",\"contentUrl\":\"https:\/\/lareinanews.cl\/noticias\/wp-content\/uploads\/2020\/01\/Telefonos-Municipalidad-La-Reina.png\",\"width\":650,\"height\":490},{\"@type\":\"BreadcrumbList\",\"@id\":\"https:\/\/lareinanews.cl\/noticias\/index.php\/telefonos-municipalidad-de-la-reina\/#breadcrumb\",\"itemListElement\":[{\"@type\":\"ListItem\",\"position\":1,\"name\":\"Inicio\",\"item\":\"https:\/\/lareinanews.cl\/noticias\/\"},{\"@type\":\"ListItem\",\"position\":2,\"name\":\"Tel\u00e9fonos Municipalidad de La Reina\"}]},{\"@type\":\"WebSite\",\"@id\":\"https:\/\/lareinanews.cl\/noticias\/#website\",\"url\":\"https:\/\/lareinanews.cl\/noticias\/\",\"name\":\"Noticias La Reina\",\"description\":\"LaReina.news\",\"publisher\":{\"@id\":\"https:\/\/lareinanews.cl\/noticias\/#organization\"},\"potentialAction\":[{\"@type\":\"SearchAction\",\"target\":{\"@type\":\"EntryPoint\",\"urlTemplate\":\"https:\/\/lareinanews.cl\/noticias\/?s={search_term_string}\"},\"query-input\":{\"@type\":\"PropertyValueSpecification\",\"valueRequired\":true,\"valueName\":\"search_term_string\"}}],\"inLanguage\":\"es\"},{\"@type\":\"Organization\",\"@id\":\"https:\/\/lareinanews.cl\/noticias\/#organization\",\"name\":\"La Reina.news Peri\u00f3dico comunal de La Reina\",\"url\":\"https:\/\/lareinanews.cl\/noticias\/\",\"logo\":{\"@type\":\"ImageObject\",\"inLanguage\":\"es\",\"@id\":\"https:\/\/lareinanews.cl\/noticias\/#\/schema\/logo\/image\/\",\"url\":\"https:\/\/lareinanews.cl\/noticias\/wp-content\/uploads\/2020\/04\/logo_schema.png\",\"contentUrl\":\"https:\/\/lareinanews.cl\/noticias\/wp-content\/uploads\/2020\/04\/logo_schema.png\",\"width\":640,\"height\":360,\"caption\":\"La Reina.news Peri\u00f3dico comunal de La Reina\"},\"image\":{\"@id\":\"https:\/\/lareinanews.cl\/noticias\/#\/schema\/logo\/image\/\"},\"sameAs\":[\"https:\/\/www.facebook.com\/LaReinaNews\",\"https:\/\/www.instagram.com\/lareinanews\/\"]}]}<\/script>\n<!-- \/ Yoast SEO plugin. -->","yoast_head_json":{"title":"\u25b7 Tel\u00e9fonos Municipalidad de La Reina, gu\u00eda completa de n\u00fameros.","description":"Gu\u00eda de tel\u00e9fonos de contacto y emergencia de la Municipalidad de La Reina y sus corporaciones. Incluye dependencias municipales y colegios","robots":{"index":"index","follow":"follow","max-snippet":"max-snippet:-1","max-image-preview":"max-image-preview:large","max-video-preview":"max-video-preview:-1"},"canonical":"https:\/\/lareinanews.cl\/noticias\/index.php\/telefonos-municipalidad-de-la-reina\/","og_locale":"es_ES","og_type":"article","og_title":"\u25b7 Tel\u00e9fonos Municipalidad de La Reina, gu\u00eda completa de n\u00fameros.","og_description":"Gu\u00eda de tel\u00e9fonos de contacto y emergencia de la Municipalidad de La Reina y sus corporaciones. Incluye dependencias municipales y colegios","og_url":"https:\/\/lareinanews.cl\/noticias\/index.php\/telefonos-municipalidad-de-la-reina\/","og_site_name":"Noticias La Reina","article_publisher":"https:\/\/www.facebook.com\/LaReinaNews","article_modified_time":"2020-04-20T20:09:42+00:00","og_image":[{"width":650,"height":490,"url":"https:\/\/lareinanews.cl\/noticias\/wp-content\/uploads\/2020\/01\/Telefonos-Municipalidad-La-Reina.png","type":"image\/png"}],"twitter_card":"summary_large_image","twitter_misc":{"Tiempo de lectura":"2 minutos"},"schema":{"@context":"https:\/\/schema.org","@graph":[{"@type":"WebPage","@id":"https:\/\/lareinanews.cl\/noticias\/index.php\/telefonos-municipalidad-de-la-reina\/","url":"https:\/\/lareinanews.cl\/noticias\/index.php\/telefonos-municipalidad-de-la-reina\/","name":"\u25b7 Tel\u00e9fonos Municipalidad de La Reina, gu\u00eda completa de n\u00fameros.","isPartOf":{"@id":"https:\/\/lareinanews.cl\/noticias\/#website"},"primaryImageOfPage":{"@id":"https:\/\/lareinanews.cl\/noticias\/index.php\/telefonos-municipalidad-de-la-reina\/#primaryimage"},"image":{"@id":"https:\/\/lareinanews.cl\/noticias\/index.php\/telefonos-municipalidad-de-la-reina\/#primaryimage"},"thumbnailUrl":"https:\/\/lareinanews.cl\/noticias\/wp-content\/uploads\/2020\/01\/Telefonos-Municipalidad-La-Reina.png","datePublished":"2018-04-09T06:02:56+00:00","dateModified":"2020-04-20T20:09:42+00:00","description":"Gu\u00eda de tel\u00e9fonos de contacto y emergencia de la Municipalidad de La Reina y sus corporaciones. Incluye dependencias municipales y colegios","breadcrumb":{"@id":"https:\/\/lareinanews.cl\/noticias\/index.php\/telefonos-municipalidad-de-la-reina\/#breadcrumb"},"inLanguage":"es","potentialAction":[{"@type":"ReadAction","target":["https:\/\/lareinanews.cl\/noticias\/index.php\/telefonos-municipalidad-de-la-reina\/"]}]},{"@type":"ImageObject","inLanguage":"es","@id":"https:\/\/lareinanews.cl\/noticias\/index.php\/telefonos-municipalidad-de-la-reina\/#primaryimage","url":"https:\/\/lareinanews.cl\/noticias\/wp-content\/uploads\/2020\/01\/Telefonos-Municipalidad-La-Reina.png","contentUrl":"https:\/\/lareinanews.cl\/noticias\/wp-content\/uploads\/2020\/01\/Telefonos-Municipalidad-La-Reina.png","width":650,"height":490},{"@type":"BreadcrumbList","@id":"https:\/\/lareinanews.cl\/noticias\/index.php\/telefonos-municipalidad-de-la-reina\/#breadcrumb","itemListElement":[{"@type":"ListItem","position":1,"name":"Inicio","item":"https:\/\/lareinanews.cl\/noticias\/"},{"@type":"ListItem","position":2,"name":"Tel\u00e9fonos Municipalidad de La Reina"}]},{"@type":"WebSite","@id":"https:\/\/lareinanews.cl\/noticias\/#website","url":"https:\/\/lareinanews.cl\/noticias\/","name":"Noticias La Reina","description":"LaReina.news","publisher":{"@id":"https:\/\/lareinanews.cl\/noticias\/#organization"},"potentialAction":[{"@type":"SearchAction","target":{"@type":"EntryPoint","urlTemplate":"https:\/\/lareinanews.cl\/noticias\/?s={search_term_string}"},"query-input":{"@type":"PropertyValueSpecification","valueRequired":true,"valueName":"search_term_string"}}],"inLanguage":"es"},{"@type":"Organization","@id":"https:\/\/lareinanews.cl\/noticias\/#organization","name":"La Reina.news Peri\u00f3dico comunal de La Reina","url":"https:\/\/lareinanews.cl\/noticias\/","logo":{"@type":"ImageObject","inLanguage":"es","@id":"https:\/\/lareinanews.cl\/noticias\/#\/schema\/logo\/image\/","url":"https:\/\/lareinanews.cl\/noticias\/wp-content\/uploads\/2020\/04\/logo_schema.png","contentUrl":"https:\/\/lareinanews.cl\/noticias\/wp-content\/uploads\/2020\/04\/logo_schema.png","width":640,"height":360,"caption":"La Reina.news Peri\u00f3dico comunal de La Reina"},"image":{"@id":"https:\/\/lareinanews.cl\/noticias\/#\/schema\/logo\/image\/"},"sameAs":["https:\/\/www.facebook.com\/LaReinaNews","https:\/\/www.instagram.com\/lareinanews\/"]}]}},"_links":{"self":[{"href":"https:\/\/lareinanews.cl\/noticias\/index.php\/wp-json\/wp\/v2\/pages\/1873","targetHints":{"allow":["GET"]}}],"collection":[{"href":"https:\/\/lareinanews.cl\/noticias\/index.php\/wp-json\/wp\/v2\/pages"}],"about":[{"href":"https:\/\/lareinanews.cl\/noticias\/index.php\/wp-json\/wp\/v2\/types\/page"}],"author":[{"embeddable":true,"href":"https:\/\/lareinanews.cl\/noticias\/index.php\/wp-json\/wp\/v2\/users\/1"}],"replies":[{"embeddable":true,"href":"https:\/\/lareinanews.cl\/noticias\/index.php\/wp-json\/wp\/v2\/comments?post=1873"}],"version-history":[{"count":57,"href":"https:\/\/lareinanews.cl\/noticias\/index.php\/wp-json\/wp\/v2\/pages\/1873\/revisions"}],"predecessor-version":[{"id":4024,"href":"https:\/\/lareinanews.cl\/noticias\/index.php\/wp-json\/wp\/v2\/pages\/1873\/revisions\/4024"}],"wp:featuredmedia":[{"embeddable":true,"href":"https:\/\/lareinanews.cl\/noticias\/index.php\/wp-json\/wp\/v2\/media\/3683"}],"wp:attachment":[{"href":"https:\/\/lareinanews.cl\/noticias\/index.php\/wp-json\/wp\/v2\/media?parent=1873"}],"curies":[{"name":"wp","href":"https:\/\/api.w.org\/{rel}","templated":true}]}}